 What are the prime factors of c?
3
Suppose 5 = -j - 3. Let y(i) = -i - 7. Let g be y(j). Let z(u) = 3*u**2 - u + 1. List the prime factors of z(g).
3
Let p(b) = -b**3 + 5*b**2 + b - 2. What are the prime factors of p(5)?
3
Let b be ((-4)/(-3))/(6/9). Let u = 2 + b. List the prime factors of 12/9 - u/(-6).
2
Suppose -u + 3*v + 68 = 0, -3*u + 2*v + 188 = v. Let o = u + -34. List the prime factors of o.
2, 7
Suppose -2*y = y - 63. Suppose 1 + y = f. What are the prime factors of f?
2, 11
Let h(l) = -19*l + 30. List the prime factors of h(-10).
2, 5, 11
Let u(v) = -3*v. Let x be u(2). Let j be x/4*10/(-15). Let s(h) = 3*h**3 - 1. What are the prime factors of s(j)?
2
Suppose 0 = 9*t - 6*t - 21. Suppose -13 = -2*l + t. List the prime factors of l.
2, 5
Suppose 2*s = 3*s - 5. Let x(f) = -f**3 + 7*f**2 - f - 19. Let p be x(6). Suppose -s*g + 34 = -p. What are the prime factors of g?
3
Let u(q) = q**2 + 7*q + 34. List the prime factors of u(-10).
2
Let g(d) be the first derivative of -d + 4 + 8/3*d**3 + 0*d**2. List the prime factors of g(1).
7
Suppose -l - 2*m - 2*m + 29 = 0, -5*l + 3*m = -76. Let k = l - 7. What are the prime factors of k?
2, 5
Let n(g) = g**2 + g. Let z be n(1). Suppose z*a - 49 = 5*o - 142, 2*o - 36 = 2*a. What are the prime factors of o?
19
Suppose 0 = -2*u - j - 1, 4*u + 8 = -4*j. Let q = u + 12. What are the prime factors of q?
13
Let y(s) = 4*s. Let f be (5 - 2)/((-6)/4). Let z be y(f). Let x(m) = -m**2 - 9*m + 10. What are the prime factors of x(z)?
2, 3
Let x = 15 - 6. Let u = -5 + 5. Let w = u + x. List the prime factors of w.
3
Suppose -3*q + 4*v = -134, 5*v - 212 = -4*q - 23. Let d = 96 - q. List the prime factors of (d/(-15))/((-2)/3).
5
Let g(c) = c**2 - 4*c + 12. List the prime factors of g(8).
2, 11
What are the prime factors of (24/(-9) + -4)*24/(-5)?
2
Suppose 1 - 72 = -c. Suppose -h + 5 = 0, p - c = -3*p - 3*h. List the prime factors of p.
2, 7
Let o be (3/(-2))/(1/(-2)). Let q be (2 - (0 + o)) + 115. List the prime factors of q/(-3)*1/(-2).
19
Let a(x) = -x**3 - 3*x**2 + 3*x - 6. Let b be (-4 - 1)*(-2)/(-2). List the prime factors of a(b).
29
Let b(m) = 0*m + 2*m**3 + 2 + m + 4*m**2 - 4. Let q be b(-3). Let x = q + 34. List the prime factors of x.
11
Let x = -79 + 171. List the prime factors of x.
2, 23
Suppose 2*v + 3*o = -3 + 12, 0 = -v - 4*o + 7. Suppose -5*m = v*f - 17 - 8, m - 9 = -f. List the prime factors of f.
2, 5
Let q = 8 - 8. Suppose q*y + 58 = 3*y + 2*g, -2*y = -4*g - 44. List the prime factors of y.
2, 5
List the prime factors of 4/7 + (-346)/(-7).
2, 5
What are the prime factors of 3 - (-80)/(-3)*(1 - 4)?
83
Suppose -177*q + 172*q = -1225. What are the prime factors of q?
5, 7
Let y(g) be the third derivative of g**4/24 + g**3/6 - g**2. Suppose -5*v - 6*r + 3*r = -29, 2*v = 2*r + 2. What are the prime factors of y(v)?
5
Let s(u) = 251*u**3 - u**2 + 3*u - 2. What are the prime factors of s(1)?
251
Let r(p) = p + 4. What are the prime factors of r(4)?
2
Suppose 2*t = 3*j + 10, 3*j = -4*t + 3*t - 4. Suppose -3*h + 25 = t*h. List the prime factors of h - (2 - (-3 - -7)).
7
Suppose -2*n + 52 = -82. List the prime factors of n.
67
Let s = 17 - 7. Let x be 1/((6/3)/s). Suppose 2*w - 4*t + 6 = 18, -x*t = -10. List the prime factors of w.
2, 5
Let a be 0*3*1/3. Let g = a - -8. Let l = 6 + g. List the prime factors of l.
2, 7
Suppose -4*i - 3*o = -46, -o + 3*o = 3*i - 26. Suppose -9*s - 15 = -i*s. Suppose -2*v = -v - s. What are the prime factors of v?
3, 5
What are the prime factors of (1 + 12)*(5 + -2)?
3, 13
List the prime factors of 8 - ((-6)/2 + 2).
3
Let q(m) = 15*m - 2 - 54*m + 5 - 1. What are the prime factors of q(-1)?
41
Suppose f = 2*j - 21, -f + 34 = 2*j + j. What are the prime factors of j?
11
Suppose 2*m + 4 = 4*m. Suppose 3 = -n - 2*t - 9, -m*t = -3*n - 12. Let r = -4 - n. List the prime factors of r.
2
Suppose 2*o - 312 = 4*o. Let v = -98 - o. Suppose -5*r + v = 4*d, 0*d + 3*d - 28 = 4*r. List the prime factors of d.
2, 3
Suppose v = -2*w + 1, -v + w - 1 = 2*w. Let o(c) = 2*c - 7. Let a be o(6). Let f = a + v. List the prime factors of f.
2
Let p = 8 - -2. What are the prime factors of (2 + 0)/(4/p)?
5
Suppose 2*n - j = 7, 4*n + 5*j = -5 - 2. Let s(w) = -7 + 2*w**n + 0*w**2 - 6*w - 4*w - 3*w**2. What are the prime factors of s(-8)?
3
Let r(x) = -3*x - 4. Let b be (-2)/(-1 - -2) + 0. Let w be b + (-2 - -1)/1. List the prime factors of r(w).
5
Suppose -2*y + 38 = -132. List the prime factors of y.
5, 17
Suppose 9*w - 55 = 4*w. Let b = 15 - w. Suppose 4*n = 2*x - 6, b*x - 2*n - 25 = x. List the prime factors of x.
11
Let i be (-11)/(-6) + 2/12. Suppose -i*w - 4 = -4*w. List the prime factors of w.
2
Let v be (-2)/7 + (-15)/21. Let t = -33 + 67. What are the prime factors of 0 + (v + t)/3?
11
Let w = -36 + 72. Suppose -d = -3*m + 35, 4*m - w = -0*d - 4*d. What are the prime factors of m?
11
Suppose 0 = -0*x + 4*x - p - 27, 0 = 3*x + p - 15. Let d be 2*3/x + -23. Let l = d - -38. What are the prime factors of l?
2
Let s be (0 - 0)/((-18)/9). Suppose -4*h + s = 3*b - 14, -4*b - 18 = -2*h. List the prime factors of h.
5
Let o be 2/6 - (-14)/3. Let c(h) = h**3 - 5*h**2 + h + 3. What are the prime factors of c(o)?
2
Let t = -13 - -146. What are the prime factors of t?
7, 19
Suppose 3*c + 6 = -g, 3*g = 7*g. Let v be (-54)/c + (2 - 4). Suppose -3*o - 2*o = -v. What are the prime factors of o?
5
Suppose -2 - 4 = -2*c. Suppose -c*o + 12 = -o. List the prime factors of o.
2, 3
Suppose -5*c = 5*r - 55, -8*c + 55 = -3*c - 4*r. List the prime factors of c.
11
Let l be 0 + -1 - (-1 + 0). Suppose -c - 5*k + 32 = l, -3*c = c + 4*k - 64. What are the prime factors of c?
2, 3
Suppose -6*c = -2*c - 24. Let i = 6 - c. Suppose n - 4 = -i. What are the prime factors of n?
2
Let x = -8 - -16. Let m(n) = -2*n + n - 4 - 2*n + 4*n. List the prime factors of m(x).
2
Let g be 1/1*36*1. Suppose -4*w - 3*q = -82, -q = 4*w - 6*w + g. Let k = -13 + w. What are the prime factors of k?
2, 3
Let i = -1 - -1. Let b be (-3 - i)/(2/(-16)). Let d = -17 + b. List the prime factors of d.
7
Suppose 0 = -0*m + m - 6. Suppose 0 = -5*l + m*l - 12. List the prime factors of l.
2, 3
Let v(s) = -3*s**3 - s**2 + s - 2. Suppose -5*n - z = 5 + 2, -3*z + 15 = -3*n. List the prime factors of v(n).
2
Let n(y) be the third derivative of -1/20*y**5 - 5/6*y**3 + 2*y**2 + 0*y + 0 + 1/120*y**6 - 1/24*y**4. What are the prime factors of n(4)?
7
Let i(w) = w + 6. Let x = 18 - 11. What are the prime factors of i(x)?
13
Let w(u) be the first derivative of u**3/3 - 3*u**2 + 7*u + 2. Suppose -3*i - 2*f = -31, 4*f - 34 = -2*i - 0*i. List the prime factors of w(i).
2, 7
Let k be 4/6*(-9)/(-3). Let b be (k*-1 + 3)*-2. Let i = 7 + b. List the prime factors of i.
5
Suppose 505 + 231 = 8*p. List the prime factors of p.
2, 23
Let p be 0 - (-4 + 3 + 0). Suppose -3*g = -4*y + 24, g - 3*y + 4*y + 1 = 0. What are the prime factors of p/2 - 58/g?
3, 5
Let w(a) be the third derivative of -a**5/60 + 7*a**4/24 + a**3 + 2*a**2. Let d be w(7). Suppose -2*h + d + 18 = 0. What are the prime factors of h?
2, 3
Suppose 4 - 12 = -2*p. Suppose -x = -p*x + 6. What are the prime factors of x?
2
Suppose 3*s = -2*n + 64, 0 = -4*n + 4*s + s + 106. Let m be (-1)/(-1 + 0) + n. Suppose 3*g - 4*g + 3 = 0, 3*b + 2*g = m. What are the prime factors of b?
2
Let o(w) = 2*w**3 - 6*w**2 + 5*w - 4. Let n be o(4). Suppose -4*p + p = -n. Suppose -20 = -3*g + k, -2*g + 2*k + 0*k = -p. List the prime factors of g.
2, 3
Let n(f) = -2*f**3 - 2*f**2 - 8*f + 3. What are the prime factors of n(-5)?
3
Let x = -22 + 15. Let w = 4 + x. Let d = w + 10. List the prime factors of d.
7
Suppose 3*y + 200 = 7*y. Suppose -4*r + 58 = -y. List the prime factors of r.
3
Suppose 2*u = 4*u + 12. Let g = 21 + -15. List the prime factors of -3*(u - g/(-3)).
2, 3
Let u(w) = 3*w + 1. What are the prime factors of u(5)?
2
Let m = -41 + 201. What are the prime factors of m?
2, 5
Let v = -7 - -10. Suppose -i + 14 = y, -2*i = -4*y - v*i + 59. What are the prime factors of y?
3, 5
Suppose 1 = -3*k - 2, -2*i + 5*k + 109 = 0. List the prime factors of i.
2, 13
What are the prime factors of (-4)/10 - (-87)/5?
17
Let d(z) = -z**2 + 8*z + 11. Let v be d(9). Suppose -g + 4*l - v = 0, 0*l = -3*g + l + 38. What are the prime factors 